{"id":157,"date":"2025-05-15T10:28:01","date_gmt":"2025-05-15T10:28:01","guid":{"rendered":"https:\/\/tomas.net.pl\/wordpress_u\/index.php\/kontakt-2\/"},"modified":"2025-05-19T11:58:37","modified_gmt":"2025-05-19T11:58:37","slug":"kontakt-2","status":"publish","type":"page","link":"https:\/\/tomas.net.pl\/wordpress_u\/index.php\/kontakt-2\/","title":{"rendered":"KONTAKT"},"content":{"rendered":"\n<h1 class=\"wp-block-heading has-text-align-center has-text-color has-link-color wp-elements-ade10e282b91069a6f4b10615fa171f9\" style=\"color:#000000\"><strong>DANE KONTAKTOWE<\/strong><\/h1>\n\n\n\n<h2 class=\"wp-block-heading has-text-align-center has-text-color has-link-color wp-elements-8a1e8271c2ee2e4d0a1a184537700363\" style=\"color:#010000\">kom.: 605 045 194<br>mail :&nbsp;<a href=\"mailto:firma@tomas.net.pl\">firma@tomas.net.pl<\/a><\/h2>\n","protected":false},"excerpt":{"rendered":"<p>DANE KONTAKTOWE kom.: 605 045 194mail :&nbsp;firma@tomas.net.pl<\/p>\n","protected":false},"author":1,"featured_media":0,"parent":0,"menu_order":0,"comment_status":"closed","ping_status":"closed","template":"","meta":{"saved_in_kubio":true,"footnotes":""},"class_list":["post-157","page","type-page","status-publish","hentry"],"kubio_ai_page_context":{"short_desc":"","purpose":"general"},"yoast_head":"<!-- This site is optimized with the Yoast SEO plugin v25.1 - https:\/\/yoast.com\/wordpress\/plugins\/seo\/ -->\n<title>KONTAKT - TOMAS CATERING<\/title>\n<meta name=\"description\" content=\"Skontaktuj si\u0119 z nami, aby zam\u00f3wi\u0107 catering, zapyta\u0107 o ofert\u0119 lub um\u00f3wi\u0107 spotkanie. Odpowiemy szybko i przygotujemy indywidualn\u0105 wycen\u0119!\" \/>\n<meta name=\"robots\" content=\"index, follow, max-snippet:-1, max-image-preview:large, max-video-preview:-1\" \/>\n<link rel=\"canonical\" href=\"https:\/\/tomas.net.pl\/wordpress_u\/index.php\/kontakt-2\/\" \/>\n<meta property=\"og:locale\" content=\"pl_PL\" \/>\n<meta property=\"og:type\" content=\"article\" \/>\n<meta property=\"og:title\" content=\"KONTAKT - TOMAS CATERING\" \/>\n<meta property=\"og:description\" content=\"Skontaktuj si\u0119 z nami, aby zam\u00f3wi\u0107 catering, zapyta\u0107 o ofert\u0119 lub um\u00f3wi\u0107 spotkanie. Odpowiemy szybko i przygotujemy indywidualn\u0105 wycen\u0119!\" \/>\n<meta property=\"og:url\" content=\"https:\/\/tomas.net.pl\/wordpress_u\/index.php\/kontakt-2\/\" \/>\n<meta property=\"og:site_name\" content=\"TOMAS CATERING\" \/>\n<meta property=\"article:modified_time\" content=\"2025-05-19T11:58:37+00:00\" \/>\n<meta name=\"twitter:card\" content=\"summary_large_image\" \/>\n<script type=\"application\/ld+json\" class=\"yoast-schema-graph\">{\"@context\":\"https:\/\/schema.org\",\"@graph\":[{\"@type\":\"WebPage\",\"@id\":\"https:\/\/tomas.net.pl\/wordpress_u\/index.php\/kontakt-2\/\",\"url\":\"https:\/\/tomas.net.pl\/wordpress_u\/index.php\/kontakt-2\/\",\"name\":\"KONTAKT - TOMAS CATERING\",\"isPartOf\":{\"@id\":\"https:\/\/tomas.net.pl\/wordpress_u\/#website\"},\"datePublished\":\"2025-05-15T10:28:01+00:00\",\"dateModified\":\"2025-05-19T11:58:37+00:00\",\"description\":\"Skontaktuj si\u0119 z nami, aby zam\u00f3wi\u0107 catering, zapyta\u0107 o ofert\u0119 lub um\u00f3wi\u0107 spotkanie. Odpowiemy szybko i przygotujemy indywidualn\u0105 wycen\u0119!\",\"breadcrumb\":{\"@id\":\"https:\/\/tomas.net.pl\/wordpress_u\/index.php\/kontakt-2\/#breadcrumb\"},\"inLanguage\":\"pl-PL\",\"potentialAction\":[{\"@type\":\"ReadAction\",\"target\":[\"https:\/\/tomas.net.pl\/wordpress_u\/index.php\/kontakt-2\/\"]}]},{\"@type\":\"BreadcrumbList\",\"@id\":\"https:\/\/tomas.net.pl\/wordpress_u\/index.php\/kontakt-2\/#breadcrumb\",\"itemListElement\":[{\"@type\":\"ListItem\",\"position\":1,\"name\":\"Strona g\u0142\u00f3wna\",\"item\":\"https:\/\/tomas.net.pl\/wordpress_u\/\"},{\"@type\":\"ListItem\",\"position\":2,\"name\":\"KONTAKT\"}]},{\"@type\":\"WebSite\",\"@id\":\"https:\/\/tomas.net.pl\/wordpress_u\/#website\",\"url\":\"https:\/\/tomas.net.pl\/wordpress_u\/\",\"name\":\"TOMAS CATERING\",\"description\":\"\",\"publisher\":{\"@id\":\"https:\/\/tomas.net.pl\/wordpress_u\/#organization\"},\"potentialAction\":[{\"@type\":\"SearchAction\",\"target\":{\"@type\":\"EntryPoint\",\"urlTemplate\":\"https:\/\/tomas.net.pl\/wordpress_u\/?s={search_term_string}\"},\"query-input\":{\"@type\":\"PropertyValueSpecification\",\"valueRequired\":true,\"valueName\":\"search_term_string\"}}],\"inLanguage\":\"pl-PL\"},{\"@type\":\"Organization\",\"@id\":\"https:\/\/tomas.net.pl\/wordpress_u\/#organization\",\"name\":\"TOMAS CATERING\",\"url\":\"https:\/\/tomas.net.pl\/wordpress_u\/\",\"logo\":{\"@type\":\"ImageObject\",\"inLanguage\":\"pl-PL\",\"@id\":\"https:\/\/tomas.net.pl\/wordpress_u\/#\/schema\/logo\/image\/\",\"url\":\"https:\/\/tomas.net.pl\/wordpress_u\/wp-content\/uploads\/2025\/05\/logo-tomas-scaled.png\",\"contentUrl\":\"https:\/\/tomas.net.pl\/wordpress_u\/wp-content\/uploads\/2025\/05\/logo-tomas-scaled.png\",\"width\":2560,\"height\":1701,\"caption\":\"TOMAS CATERING\"},\"image\":{\"@id\":\"https:\/\/tomas.net.pl\/wordpress_u\/#\/schema\/logo\/image\/\"}}]}<\/script>\n<!-- \/ Yoast SEO plugin. -->","yoast_head_json":{"title":"KONTAKT - TOMAS CATERING","description":"Skontaktuj si\u0119 z nami, aby zam\u00f3wi\u0107 catering, zapyta\u0107 o ofert\u0119 lub um\u00f3wi\u0107 spotkanie. Odpowiemy szybko i przygotujemy indywidualn\u0105 wycen\u0119!","robots":{"index":"index","follow":"follow","max-snippet":"max-snippet:-1","max-image-preview":"max-image-preview:large","max-video-preview":"max-video-preview:-1"},"canonical":"https:\/\/tomas.net.pl\/wordpress_u\/index.php\/kontakt-2\/","og_locale":"pl_PL","og_type":"article","og_title":"KONTAKT - TOMAS CATERING","og_description":"Skontaktuj si\u0119 z nami, aby zam\u00f3wi\u0107 catering, zapyta\u0107 o ofert\u0119 lub um\u00f3wi\u0107 spotkanie. Odpowiemy szybko i przygotujemy indywidualn\u0105 wycen\u0119!","og_url":"https:\/\/tomas.net.pl\/wordpress_u\/index.php\/kontakt-2\/","og_site_name":"TOMAS CATERING","article_modified_time":"2025-05-19T11:58:37+00:00","twitter_card":"summary_large_image","schema":{"@context":"https:\/\/schema.org","@graph":[{"@type":"WebPage","@id":"https:\/\/tomas.net.pl\/wordpress_u\/index.php\/kontakt-2\/","url":"https:\/\/tomas.net.pl\/wordpress_u\/index.php\/kontakt-2\/","name":"KONTAKT - TOMAS CATERING","isPartOf":{"@id":"https:\/\/tomas.net.pl\/wordpress_u\/#website"},"datePublished":"2025-05-15T10:28:01+00:00","dateModified":"2025-05-19T11:58:37+00:00","description":"Skontaktuj si\u0119 z nami, aby zam\u00f3wi\u0107 catering, zapyta\u0107 o ofert\u0119 lub um\u00f3wi\u0107 spotkanie. Odpowiemy szybko i przygotujemy indywidualn\u0105 wycen\u0119!","breadcrumb":{"@id":"https:\/\/tomas.net.pl\/wordpress_u\/index.php\/kontakt-2\/#breadcrumb"},"inLanguage":"pl-PL","potentialAction":[{"@type":"ReadAction","target":["https:\/\/tomas.net.pl\/wordpress_u\/index.php\/kontakt-2\/"]}]},{"@type":"BreadcrumbList","@id":"https:\/\/tomas.net.pl\/wordpress_u\/index.php\/kontakt-2\/#breadcrumb","itemListElement":[{"@type":"ListItem","position":1,"name":"Strona g\u0142\u00f3wna","item":"https:\/\/tomas.net.pl\/wordpress_u\/"},{"@type":"ListItem","position":2,"name":"KONTAKT"}]},{"@type":"WebSite","@id":"https:\/\/tomas.net.pl\/wordpress_u\/#website","url":"https:\/\/tomas.net.pl\/wordpress_u\/","name":"TOMAS CATERING","description":"","publisher":{"@id":"https:\/\/tomas.net.pl\/wordpress_u\/#organization"},"potentialAction":[{"@type":"SearchAction","target":{"@type":"EntryPoint","urlTemplate":"https:\/\/tomas.net.pl\/wordpress_u\/?s={search_term_string}"},"query-input":{"@type":"PropertyValueSpecification","valueRequired":true,"valueName":"search_term_string"}}],"inLanguage":"pl-PL"},{"@type":"Organization","@id":"https:\/\/tomas.net.pl\/wordpress_u\/#organization","name":"TOMAS CATERING","url":"https:\/\/tomas.net.pl\/wordpress_u\/","logo":{"@type":"ImageObject","inLanguage":"pl-PL","@id":"https:\/\/tomas.net.pl\/wordpress_u\/#\/schema\/logo\/image\/","url":"https:\/\/tomas.net.pl\/wordpress_u\/wp-content\/uploads\/2025\/05\/logo-tomas-scaled.png","contentUrl":"https:\/\/tomas.net.pl\/wordpress_u\/wp-content\/uploads\/2025\/05\/logo-tomas-scaled.png","width":2560,"height":1701,"caption":"TOMAS CATERING"},"image":{"@id":"https:\/\/tomas.net.pl\/wordpress_u\/#\/schema\/logo\/image\/"}}]}},"_links":{"self":[{"href":"https:\/\/tomas.net.pl\/wordpress_u\/index.php\/wp-json\/wp\/v2\/pages\/157","targetHints":{"allow":["GET"]}}],"collection":[{"href":"https:\/\/tomas.net.pl\/wordpress_u\/index.php\/wp-json\/wp\/v2\/pages"}],"about":[{"href":"https:\/\/tomas.net.pl\/wordpress_u\/index.php\/wp-json\/wp\/v2\/types\/page"}],"author":[{"embeddable":true,"href":"https:\/\/tomas.net.pl\/wordpress_u\/index.php\/wp-json\/wp\/v2\/users\/1"}],"replies":[{"embeddable":true,"href":"https:\/\/tomas.net.pl\/wordpress_u\/index.php\/wp-json\/wp\/v2\/comments?post=157"}],"version-history":[{"count":10,"href":"https:\/\/tomas.net.pl\/wordpress_u\/index.php\/wp-json\/wp\/v2\/pages\/157\/revisions"}],"predecessor-version":[{"id":391,"href":"https:\/\/tomas.net.pl\/wordpress_u\/index.php\/wp-json\/wp\/v2\/pages\/157\/revisions\/391"}],"wp:attachment":[{"href":"https:\/\/tomas.net.pl\/wordpress_u\/index.php\/wp-json\/wp\/v2\/media?parent=157"}],"curies":[{"name":"wp","href":"https:\/\/api.w.org\/{rel}","templated":true}]}}